128.
3564
What is the greatest common divisor of 676 and 44866289?
169
What is the highest common divisor of 2820 and 2787900?
60
What is the greatest common factor of 4207 and 10581807?
601
Calculate the highest common divisor of 141 and 975729400.
47
Calculate the highest common factor of 316229 and 7408.
463
What is the greatest common factor of 2858976 and 14256?
1296
What is the highest common factor of 8224 and 102016?
32
Calculate the greatest common divisor of 20689408 and 1408.
128
Calculate the greatest common divisor of 1750 and 102959640.
70
Calculate the greatest common divisor of 2590853 and 1525.
61
Calculate the greatest common divisor of 100254720 and 2568.
2568
What is the highest common divisor of 2616 and 8598?
6
Calculate the greatest common divisor of 2799006 and 84.
42
What is the greatest common divisor of 6678 and 4847751?
477
Calculate the highest common divisor of 49811553 and 77.
11
What is the greatest common factor of 26730 and 9083826?
486
What is the highest common divisor of 720 and 14162232?
24
What is the greatest common divisor of 8 and 112647120?
8
What is the greatest common divisor of 36544 and 11456?
64
Calculate the greatest common divisor of 1426 and 1158253.
31
Calculate the greatest common factor of 366 and 452101866.
366
What is the highest common factor of 4420 and 11580?
20
Calculate the highest common factor of 167031389 and 12306.
2051
Calculate the greatest common divisor of 421109334 and 65394.
9342
Calculate the greatest common factor of 24 and 27357501.
3
What is the greatest common factor of 11104654 and 1210?
242
What is the greatest common factor of 886276 and 1273?
67
Calculate the greatest common divisor of 4599 and 12830188.
511
Calculate the highest common divisor of 4448 and 16887944.
1112
What is the highest common factor of 552 and 22477302?
138
What is the greatest common divisor of 532084 and 5425?
217
What is the greatest common divisor of 64560 and 676535?
1345
What is the greatest common divisor of 636111 and 502803?
1449
Calculate the greatest common divisor of 2527885 and 955.
955
What is the highest common factor of 1573 and 11049181?
143
Calculate the greatest common factor of 1108954 and 151525.
209
Calculate the highest common factor of 175591604 and 452.
452
Calculate the highest common factor of 18475092 and 54.
18
What is the highest common factor of 35 and 27860329?
7
Calculate the greatest common factor of 2052289 and 405233.
311
Calculate the greatest common divisor of 53097 and 154869.
33
What is the highest common factor of 23895573 and 6708?
1677
Calculate the highest common divisor of 1416 and 30508896.
24
What is the highest common divisor of 8084464 and 272?
16
Calculate the greatest common divisor of 55856 and 496.
16
Calculate the greatest common divisor of 52739 and 29854.
23
Calculate the highest common divisor of 53669000 and 25625.
5125
What is the highest common divisor of 160968 and 14820?
228
What is the greatest common divisor of 120 and 32218040?
40
Calculate the greatest common divisor of 15 and 14216905.
5
Calculate the greatest common divisor of 5164 and 701013.
1291
What is the highest common divisor of 902710 and 706?
2
Calculate the highest common divisor of 261871 and 218368.
853
Calculate the highest common divisor of 302452 and 204844.
332
Calculate the greatest common divisor of 1496930 and 4280.
1070
Calculate the highest common factor of 5160 and 531516.
12
What is the greatest common factor of 1340 and 4835620?
20
Calculate the greatest common factor of 9116 and 121019458.
4558
What is the highest common divisor of 10305 and 594630?
45
Calculate the greatest common factor of 13131818 and 777.
259
Calculate the highest common divisor of 102746 and 717500.
574
What is the highest common factor of 39468 and 7314?
138
Calculate the greatest common factor of 1368 and 3945654.
342
What is the highest common factor of 29997 and 210989?
101
Calculate the greatest common factor of 36 and 1748646144.
36
Calculate the greatest common factor of 185200 and 5210.
10
What is the highest common divisor of 62355 and 32145?
15
Calculate the highest common factor of 322025 and 28765.
55
What is the highest common factor of 120 and 374519120?
40
Calculate the highest common factor of 177196219 and 5032.
629
Calculate the greatest common divisor of 1183 and 111969767.
1183
What is the greatest common divisor of 66450 and 50550?
150
What is the greatest common factor of 8988 and 204621?
3
Calculate the highest common factor of 1863 and 6263163.
81
What is the highest common factor of 2768762 and 195602?
1046
Calculate the highest common divisor of 4082238 and 669.
669
What is the highest common factor of 586 and 169714390?
586
Calculate the highest common divisor of 8989209 and 13161.
123
What is the greatest common factor of 27 and 53440857?
27
Calculate the greatest common factor of 233606 and 166.
2
Calculate the greatest common divisor of 12879 and 3962757.
159
Calculate the greatest common factor of 3445 and 185247985.
3445
Calculate the highest common divisor of 509797755 and 9.
9
Calculate the greatest common factor of 830 and 82250.
10
Calculate the greatest common factor of 316878361 and 212.
53
What is the greatest common divisor of 44738532 and 1566?
522
What is the greatest common divisor of 2476442 and 15566?
362
Calculate the greatest common divisor of 3892576 and 256.
32
Calculate the highest common divisor of 4946489 and 4319.
617
Calculate the greatest common divisor of 1254704 and 110.
22
Calculate the greatest common factor of 1742215 and 15.
5
Calculate the greatest common factor of 13069798 and 1652.
826
What is the greatest common divisor of 13612 and 5259398?
82
What is the greatest common divisor of 606665 and 2455?
5
Calculate the greatest common divisor of 26225976 and 12180.
2436
What is the greatest common factor of 2737 and 3202129?
161
What is the highest common divisor of 1209 and 1726608?
39
What is the greatest common divisor of 169910 and 106522?
26
What is the greatest common divisor of 213 and 22420309?
71
Calculate the greatest common factor of 270370 and 1786.
38
What is the greatest common divisor of 189344663 and 109?
109
What is the highest common factor of 521782 and 538900?
634
What is the highest common divisor of 52 and 50485156?
4
What is the greatest common factor of 10404765 and 7569?
261
What is the greatest common factor of 59959700 and 150?
50
Calculate the highest common factor of 2409 and 7022433.
33
Calculate the greatest common divisor of 1853585 and 17154.
953
What is the greatest common divisor of 2403 and 559737?
27
Calculate the greatest common factor of 135493 and 10083844.
989
Calculate the greatest common divisor of 4005 and 1172441055.
1335
What is the greatest common factor of 442 and 903019?
13
Calculate the greatest common factor of 11044 and 67364.
44
Calculate the greatest common factor of 4091381 and 54635.
1561
What is the greatest common divisor of 7752 and 1206048?
408
Calculate the highest common factor of 72990 and 3541320.
90
Calculate the greatest common divisor of 278018 and 7174596.
962
What is the highest common divisor of 98992 and 2190736?
4304
Calculate the highest common factor of 8756 and 15217532.
44
Calculate the greatest common factor of 147477402 and 36.
18
Calculate the highest common divisor of 148 and 212756179.
37
Calculate the greatest common divisor of 128647510 and 37030.
5290
Calculate the greatest common factor of 41218 and 1813.
37
What is the greatest common divisor of 16965 and 3698955?
585
Calculate the highest common divisor of 1980196 and 162178.
262
What is the greatest common factor of 376 and 2267374?
94
Calculate the greatest common divisor of 3138122 and 7124.
3562
Calculate the greatest common divisor of 2253822 and 464.
58
What is the greatest common factor of 675844 and 12956?
164
Calculate the greatest common divisor of 359832 and 52954.
638
Calculate the highest common divisor of 100408052 and 316.
316
What is the highest common divisor of 16505 and 35335?
5
What is the highest common factor of 4086992 and 12?
4
What is the greatest common divisor of 105476 and 16156?
28
Calculate the highest common divisor of 969 and 672078.
51
What is the 